20332 + -1?
-40502120333
In base 14, what is -2a1 - -10c34?
10973
In base 8, what is -1023340135 + -7?
-1023340144
In base 16, what is 179d + 37d1?
4f6e
In base 5, what is -21040042 + -101?
-21040143
In base 12, what is -3 + -2759823?
-2759826
In base 14, what is -6a753 + 210?
-6a543
In base 10, what is 114980 + -68?
114912
In base 6, what is -2 + 123212350?
123212344
In base 8, what is 6 + 74747501?
74747507
In base 15, what is caeb56 - 2?
caeb54
In base 7, what is 13 + 246000?
246013
In base 15, what is 26cd - b44?
1a89
In base 8, what is -17 + 12020017?
12020000
In base 16, what is -873a - -1e16?
-6924
In base 12, what is 6 - 800a789?
-800a783
In base 9, what is 24516778 - -2?
24516781
In base 5, what is 111411302432 + -31?
111411302401
In base 5, what is -104 - -3242043113?
3242043004
In base 4, what is 11 + 321032300010?
321032300021
In base 4, what is 20 - -1113323102?
1113323122
In base 13, what is -2778582 + 2?
-2778580
In base 16, what is 2aa8 + -3e8d?
-13e5
In base 3, what is 10 + -1002122102020100?
-1002122102020020
In base 8, what is -1 - 475360605?
-475360606
In base 6, what is -34310041 - -2?
-34310035
In base 3, what is 12 + 200011101222110?
200011101222122
In base 14, what is -86d8 - a?
-8704
In base 2, what is -11001011101101 + -10010001110?
-11011101111011
In base 14, what is -16 + 148a903?
148a8cb
In base 16, what is 2cc + 7013?
72df
In base 4, what is 1302011211 - -10?
1302011221
In base 14, what is c2666 - -19?
c2681
In base 5, what is 1240113 + 1230133?
3020301
In base 10, what is 4 + 4394567?
4394571
In base 2, what is 1100110100 - -111111011001110?
1000001000000010
In base 12, what is -209 + 23136?
22b29
In base 8, what is 42 - -375701?
375743
In base 4, what is -211 + 100023110?
100022233
In base 5, what is -10 + 22302420314?
22302420304
In base 3, what is -100221101220022 - 2211?
-100221102000010
In base 5, what is 0 + 4400004433?
4400004433
In base 14, what is 49852b + 2?
49852d
In base 4, what is 10103203 - 113122?
3330021
In base 10, what is 2719597 - -3?
2719600
In base 12, what is 5b49 + b99?
6b26
In base 16, what is 10 + 9fef6?
9ff06
In base 8, what is 4 - 6576652?
-6576646
In base 2, what is 100000111110 - 111111100001?
-11110100011
In base 11, what is -287 + -26639?
-26915
In base 2, what is 100 + 10111100010011101010111100?
10111100010011101011000000
In base 5, what is -1134 + -20110431?
-20112120
In base 14, what is -1b09518 + 4?
-1b09514
In base 5, what is -1 - 10140400401?
-10140400402
In base 5, what is -22230042404 - 0?
-22230042404
In base 14, what is c41 - -104d4?
11335
In base 10, what is -117888 + 13?
-117875
In base 3, what is -222210 + -21202001?
-22201211
In base 11, what is 1633 - 4330?
-27a8
In base 9, what is -2117731 - 8?
-2117740
In base 15, what is -a70cb5 - -8?
-a70cac
In base 10, what is 18 - 867747?
-867729
In base 9, what is 3215 - 4764?
-1548
In base 14, what is -2 + -2585c9?
-2585cb
In base 9, what is -47033 - 2272?
-50315
In base 4, what is 1000113012 - 22?
1000112330
In base 15, what is -6d0ab64 - -1?
-6d0ab63
In base 8, what is 10312 + 471?
11003
In base 7, what is 64462665 + 4?
64463002
In base 14, what is -178 - -3ab4?
393a
In base 14, what is -4725d + -15a?
-473b9
In base 13, what is 2ba + 36a10?
36cca
In base 16, what is -4d03 - 2513?
-7216
In base 4, what is -33031320223012 + 3?
-33031320223003
In base 15, what is 0 - bb9b0?
-bb9b0
In base 7, what is -5 + 5624565?
5624560
In base 4, what is 11 - -30310133230?
30310133301
In base 7, what is -321 - 41403?
-42024
In base 14, what is 582 + -2c180?
-2b9dc
In base 14, what is 245b + dd9?
3456
In base 14, what is 343a + 94a?
3d86
In base 16, what is 93c03c3 + 0?
93c03c3
In base 13, what is 659ca14 + -8?
659ca09
In base 2, what is -1100111011111001010011 + 1001?
-1100111011111001001010
In base 3, what is 102200022 + -110100012?
-122220
In base 5, what is 210410310 + 3?
210410313
In base 15, what is -63 + -13a47?
-13aaa
In base 16, what is -7 + -bf2e0?
-bf2e7
In base 5, what is 214022430 - -33?
214023013
In base 4, what is 32 - 1203022220331?
-1203022220233
In base 6, what is 53551 + -22022?
31525
In base 16, what is -178c940 + 11?
-178c92f
In base 11, what is 17 - -318705?
318721
In base 6, what is 312514553 - 10?
312514543
In base 5, what is -120332 + -13410?
-134242
In base 9, what is -620 + 5411?
4681
In base 13, what is 2 + 226930b?
2269310
In base 14, what is -7 - ac1?
-ac8
In base 6, what is 421 - -1440342?
1441203
In base 13, what is -10c0 - -81?
-103c
In base 4, what is -10331030113 - 10231?
-10331101010
In base 12, what is -91680 - -5?
-91677
In base 13, what is -1 + b03877?
b03876
In base 8, what is 147 + 273325?
273474
In base 4, what is -23321102130 - -32?
-23321102032
In base 8, what is 37 - -62?
121
In base 6, what is 1 + -12410204500?
-12410204455
In base 11, what is 6 + -4317934?
-4317929
In base 6, what is -10551030 + -10420?
-11001450
In base 15, what is -13a418d + -5?
-13a4193
In base 12, what is 906 - -2b5b6?
30300
In base 12, what is 106 + 157b82?
158088
In base 11, what is 7175648 + -3?
7175645
In base 6, what is -1031 - -1415523?
1414452
In base 16, what is -775bdda - 2?
-775bddc
In base 5, what is 22201400 - 142?
22201203
In base 8, what is -1734 - -20035?
16101
In base 12, what is -32 + -51008b?
-510101
In base 2, what is 111001 + -100111001010101111111011?
-100111001010101111000010
In base 11, what is 99817644 - 2?
99817642
In base 11, what is -168370 - 1789?
-16a049
In base 9, what is 2363 + 3143?
5516
In base 10, what is 115 - -2842637?
2842752
In base 4, what is 330311 - -1021?
331332
In base 2, what is -101101 - 11010001101000000?
-11010001101101101
In base 6, what is -45555 - 22210?
-112205
In base 8, what is -2050355 - 36?
-2050413
In base 8, what is -3 - 24227711?
-24227714
In base 13, what is 882a1 + 8?
882a9
In base 6, what is 1 + 4130115154?
4130115155
In base 3, what is -202012021210 + 2002?
-202012012201
In base 10, what is -199 - 31164?
-31363
In base 13, what is -1 + 667a96c?
667a96b
In base 14, what is 29a6b - 26d?
297dc
In base 5, what is -11102100 - 1442?
-11104042
In base 10, what is -42358 + -68?
-42426
In base 11, what is 2 + 2429a64a?
2429a651
In base 9, what is 1148461630 - 0?
1148461630
In base 11, what is -173183 - 197?
-17336a
In base 16, what is 23 - -c314b0?
c314d3
In base 10, what is -1498463 - -7?
-1498456
In base 13, what is a3 + -10007a0?
-10006ca
In base 13, what is 1 - 779096?
-779095
In base 14, what is 0 + 542312?
542312
In base 14, what is -38dc04 + 2?
-38dc02
In base 6, what is 1004345545 - 12?
1004345533
In base 10, what is 218 - -73416?
73634
In base 11, what is -29 + 17a153?
17a125
In base 16, what is -e4441 - 2?
-e4443
In base 14, what is -18118 - 84d?
-18967
In base 15, what is 2d355d - 2?
2d355b
In base 4, what is -300033 + -2131133?
-3031232
In base 4, what is -10011232020 + 2?
-10011232012
In base 14, what is 1b8db - b4?
1b827
In base 7, what is -11511 - -566?
-10612
In base 3, what is -10210101 - -1112120111?
1101210010
In base 9, what is 2675430 - -27?
2675457
In base 4, what is -1021 + 2231320110?
2231313023
In base 8, what is -10 - 4042072?
-4042102
In base 10, what is -19909125 + 8?
-19909117
In base 13, what is 117598 + 29?
1175c4
In base 16, what is -2d - -16d85b?
16d82e
In base 12, what is -178b799 - 0?
-178b799
In base 15, what is 480 - -6d4b?
72cb
In base 9, what is 47654 - 4525?
43128
In base 6, what is -101241 - 15000?
-120241
In base 5, what is -10 - -234330001?
234324441
In base 2, what is -1100011110011 - 1001110?
-1100101000001
In base 9, what is -262661 - -28?
-262632
In base 12, what is 9702 + 848?
a34a
In base 12, what is -1 - -4bab5?
4bab4
In base 3, what is 111201210010020 + -2?
111201210010011
In base 4, what is 10133023 - -103023?
10302112
In base 4, what is -2210101 - -323201?
-1220300
In base 7, what is -1656 + -433100?
-435056
In base 3, what is 1100200222211 + 0?
1100200222211
In base 5, what is 3044 + 32140011?
32143110
In base 7, what is 12255120 + -154?
12254633
In base 15, what is -281 - 2add?
-2d6e
In base 5, what is -4 + 14101342010?
14101342001
In base 8, what is 45270151 - 2?
45270147
In base 6, what is 240133042 + 5?
240133051
In base 3, what is 1211002111100 - 12?
1211002111011
In base 7, what is 34236 - 215666?
-151430
In b